14 a factor of k?
True
Let u(i) = -i**3 + 8*i**2 + 8*i + 7. Let l be u(9). Is 14 a factor of (28/(-5))/(l/10)?
True
Suppose y = -5*j - 0*y + 16, 5*j + 4*y = 19. Let s be j/(3/1)*1. Does 18 divide s/(-1)*78/(-2)?
False
Suppose 3*m + d - 6*d - 63 = 0, 0 = -2*d - 6. Does 11 divide m?
False
Let d(z) = z**2 - 5*z - 11. Let h be d(8). Let m(p) = -p**2 + 13*p + 2. Let w be m(h). Suppose -i = -3*x + 1, w*i + x = -2*i + 22. Is 2 a factor of i?
False
Is 10 a factor of (-8 - -10) + (1 - -63)?
False
Suppose -2*k = g - 22, 2*k + 55 = 2*g + 23. Is g a multiple of 6?
True
Is (-795)/(-30) - (-2)/(-4) a multiple of 13?
True
Let v(c) be the second derivative of c**5/60 - c**4/6 - c**3/6 - 2*c. Let a(f) be the second derivative of v(f). Is 6 a factor of a(5)?
True
Let k = -12 - -334. Is k a multiple of 42?
False
Suppose 5*s + 5*y - 10 = 0, -2*s + 11 + 3 = -3*y. Suppose 5*b + 112 = 9*b. Suppose b = -s*n + 92. Is n a multiple of 8?
True
Is 7 a factor of (5/3)/((-1)/(-15))?
False
Let c(b) = b**2 - 4*b + 1. Let r be c(5). Let x be 6*(32/r - -2). Suppose 0 = 4*m + x - 112. Is 17 a factor of m?
True
Is 12 a factor of (432/(-30))/((-1)/5)?
True
Let w = 15 + -10. Suppose 0 = -v + d + 53, -w*d + 19 + 196 = 5*v. Is v a multiple of 20?
False
Let s = -174 - -263. Suppose -s - 31 = -5*c. Suppose -h = h - c. Is h a multiple of 12?
True
Let z be 2/1*(-6)/(-4). Suppose 4*f - 12 = 0, -8*f + 3*f = z*w - 9. Let m(b) = -8*b - 2. Is 14 a factor of m(w)?
True
Let f(s) = -s**2 - 10*s + 11. Let c be f(-11). Suppose -4*j = 5*d - 90, c*j - 94 = -5*j + 3*d. Is 10 a factor of j?
True
Suppose 0*f - 5 = f. Let b = f - -4. Let j = b - -5. Does 4 divide j?
True
Let a = -19 + 79. Let y = 84 - a. Is 7 a factor of y?
False
Suppose -3*w - 2*w = 10. Let a = 2 + w. Suppose -3*m + 4*z = -31, a*z - 9 = -5*m - 4*z. Is 3 a factor of m?
False
Suppose -2*g + 34 = 2*p + p, -4*p + 37 = g. Suppose -4 + p = 2*s. Suppose -2*q + 3*z + 28 = s*q, -2*z + 28 = 4*q. Does 7 divide q?
True
Is (1 + 42)*((-9)/3 - -5) a multiple of 21?
False
Suppose -5*o + 6 = -39. Suppose -3*r = -3*c + o, -r - 5*c = -3*r. Let j = r - -18. Is 13 a factor of j?
True
Let a(p) = 12 - 4*p + 12*p - 9*p. Is a(5) a multiple of 3?
False
Suppose p = -3*f + f + 25, 0 = f - 5*p + 15. Let c(l) = l**2 + 4*l. Let s be c(-5). Suppose f = -5*z, -3*n = -s*n + 5*z + 30. Does 7 divide n?
False
Let r be (-4)/(-6) - 664/(-3). Suppose -3*p + r = -18. Does 16 divide p?
True
Let v(j) = -2*j. Let p be v(4). Let h(f) be the first derivative of -3*f**2/2 - 12*f + 1. Is h(p) a multiple of 9?
False
Suppose z + 3*z = 60. Suppose z - 5 = -2*p, 5*p + 53 = 4*a. Is a a multiple of 2?
False
Let z be (-1 + 1)/(2 + -4). Suppose z = q + 4 - 0. Is 14 a factor of 24/(-4)*10/q?
False
Suppose 6*k - k = 25. Suppose -k*d - 46 = -11. Is 18 a factor of (d/2 + 2)*-24?
True
Let k(m) = m + 1. Let p(b) = -b. Let g(y) = k(y) + 6*p(y). Does 16 divide g(-3)?
True
Suppose -3*w + 2*p = -15, -6*w = -w - 2*p - 25. Let d be 4/6 + 1/3. Let o = d + w. Is 3 a factor of o?
True
Suppose 0 = 2*f - 4*f + 6. Suppose f*k = 5 + 16. Is k a multiple of 2?
False
Suppose -5*o + 2*f + 337 = 0, -2*o + 131 = -0*o + 3*f. Does 13 divide o?
False
Suppose 9 = 3*k + 2*h - 33, 5*k - 2*h = 70. Suppose -5*t + 2*f + 35 = 0, 5*f = t - k - 16. Is 2 a factor of t?
False
Is 10 a factor of 51 + 1 + 2 + -4?
True
Let z(n) = n**2 + 3*n. Let b be z(-4). Suppose b*h = 3*h + 14. Is h a multiple of 14?
True
Let l = -3 + 5. Let i(k) = k**2 - 7*k + k**2 - k**l + 9. Does 3 divide i(6)?
True
Let u = -3 + -2. Let t = 7 - u. Is 4 a factor of t?
True
Is 12 a factor of (3/(-2))/((-9)/78)?
False
Let y(x) = -4*x + 3*x + 2*x. Let g be y(-4). Let b = g + 8. Is b a multiple of 2?
True
Let w be (10/4)/((-2)/(-4)). Suppose -22 = -g + w. Is 9 a factor of g?
True
Let t(z) = -z**3 + 4*z**2 - 13*z + 12. Let u be t(8). Let m be 2/(-3)*u/8. Suppose -3*o + 104 = m. Is o a multiple of 10?
False
Suppose -4*n - 26 - 214 = 0. Let l = 1 - n. Is l a multiple of 24?
False
Let q = 202 + -287. Suppose 0*j + 5*j + 186 = -w, -5*j - 181 = -4*w. Let g = j - q. Is 14 a factor of g?
False
Let y(j) = j + 19 + j - 2*j + j. Does 9 divide y(-8)?
False
Let q = -54 - -85. Is 12 a factor of q?
False
Suppose 20 = 3*i - 13. Is i a multiple of 3?
False
Let x = -5 - -9. Suppose -3*c - x = -76. Does 15 divide c?
False
Let v = 95 - 71. Is v a multiple of 12?
True
Let w(j) = j + 12. Let i be (-6)/(-27) + (-498)/54. Is w(i) even?
False
Let p(y) = -y**2 - 7*y - 3. Let r be p(-6). Let f = r + -4. Is 8 a factor of -2 + f + 13/1?
False
Suppose -j = 5*w - 33, -37 = 5*j + w - 226. Is 13 a factor of j?
False
Let q = -3 + 6. Let z = -68 - -168. Suppose q*h = -h + z. Is h a multiple of 14?
False
Let m = -84 + 147. Is m a multiple of 7?
True
Suppose -27 = -4*x - 2*y - 7, 23 = 5*x + 2*y. Is x even?
False
Let n = 90 - 3. Let p = -50 + n. Does 15 divide p?
False
Let t = 7 + -5. Let b = -12 + 19. Suppose 0 = b*z - t*z - 155. Is 11 a factor of z?
False
Let b = 10 + -10. Suppose -3*k + 5 + 118 = b. Is k a multiple of 20?
False
Suppose 0 = -y - w - 17, 2*y - 4*w + 20 = 4. Is (-318)/y - 10/(-35) a multiple of 9?
False
Suppose 3*r = 4*m - 25, 3*m + 2*r = -m + 10. Suppose 4*h + 15 = z - 5, -m*z + 4*h = -92. Is 12 a factor of z?
True
Let u(s) be the second derivative of -5*s**3/2 + s**2 + 2*s. Is 10 a factor of u(-2)?
False
Let c = -9 + 13. Is c a multiple of 4?
True
Let y = -24 - 35. Suppose 0 = 4*x - x + 126. Let p = x - y. Is 8 a factor of p?
False
Let r(o) = -65*o - 1. Let x be r(-1). Does 8 divide (x/20)/((-1)/(-5))?
True
Let d = 39 - 22. Does 3 divide d?
False
Suppose 4*p - 70 = -5*v, -6*p + v + 58 = -2*p. Does 15 divide p?
True
Let o(j) = -7*j - 6. Let c(f) = 18 + 10 + 9*f + 20*f - 4. Let q(v) = 2*c(v) + 9*o(v). Does 19 divide q(-5)?
True
Let p(o) be the second derivative of -o**3/6 + 5*o**2/2 + 13*o. Let t be 4 - 0/1 - 1. Is 2 a factor of p(t)?
True
Let l = 4 - 1. Let i(t) = l*t + 0*t - 4*t + t**2 + 3. Is i(0) a multiple of 2?
False
Let t = 61 - -8. Is 23 a factor of t?
True
Let j(v) = 7*v**3 + v**2 - 2*v + 2. Does 29 divide j(2)?
True
Suppose -4*j - 37 = 3. Let k(x) = -2*x - 14. Is k(j) a multiple of 3?
True
Let x(i) = -11*i - 1. Let n = -2 + 0. Is x(n) a multiple of 21?
True
Let z be (-4)/(-14) - 57/(-21). Suppose -z*m + m + 2*i = -30, -5*i + 5 = 0. Is 6 a factor of m?
False
Let h = -5 - -10. Let o = h - -6. Does 11 divide o?
True
Suppose -3*n - 6*v = -v + 12, 5*n + 10 = -5*v. Let u(q) = 8*q**2 - 1. Is u(n) a multiple of 7?
True
Is (-606)/(-30) - 2/10 a multiple of 10?
True
Let t = 105 - 52. Is t a multiple of 10?
False
Let z(a) be the second derivative of -a**3/6 - 2*a**2 + 4*a. Is 2 a factor of z(-10)?
True
Let i(c) = -23*c - 1. Let p be i(-3). Suppose 3*q - q - 4*v - p = 0, q - 3*v = 37. Suppose 3*m = -m + q. Does 7 divide m?
True
Suppose 52 - 958 = -6*t. Does 16 divide t?
False
Let k(x) be the second derivative of x**5/20 - 5*x**4/12 + 2*x**3/3 - 2*x**2 - x. Let c(j) = -j**2 - 5*j + 1. Let s be c(-4). Does 8 divide k(s)?
True
Is 5/(0 + (-1 - -2)) a multiple of 3?
False
Let c = -11 - -8. Let r = 6 + c. Let y(q) = 4*q - 4. Is 4 a factor of y(r)?
True
Does 7 divide 1098/8 - ((-13)/(-4) + -3)?
False
Let q = -28 - -60. Let i = q + -13. Is i a multiple of 19?
True
Suppose 4*v + 0*v - 113 = 3*w, -3*w - 49 = -2*v. Is v a multiple of 16?
True
Suppose 0 = -f + 5*f - 12. Suppose -3*n + 63 = 4*b, f*b + 0*n = 5*n + 11. Does 3 divide b?
True
Let c be (986 + -1)*(-10)/(-25). Suppose 4*n + 3*u - c = -60, -4*n = 4*u - 336. Does 15 divide n?
False
Suppose -9*a + 180 = -3*a. Is a a multiple of 5?
True
Let u = 105 - 66. Let n = u - 11. Does 14 divide n?
True
Let y be -5*(-3 - (-36)/4). Let f = y + 54. Is f a multiple of 8?
True
Let k(r) = r**2 - 2*r - 4. Let y be k(4). Suppose p = y*p - 120. Suppose 0 = 4*m - l - 40, -7*l + 2*l + p = 4*m. Does 10 divide m?
True
Let d(q) = 3*q**3 - 3*q**2 + 6*q - 6. Is 27 a factor of d(4)?
True
Let n be 3 - 25*-1 - 3. Let k(v) = v + 4. Let c be k(-3). Suppose 0 = m - c - n. Does 15 divide m?
False
Let i = -5 + 20. Is i a multiple of 2?
False
Let y = 220 + -80. Does 10 divide y?
True
Let v be ((-6)/4)/(4/(-8)). Suppose v = -2*b + 3*b. Suppose x - 12 - b = 0. Is 8 a factor of x?
False
Suppose 3*l = -5*j + 155, -3*l = 2*l - j - 249. Let t = l + -30. Is t a multiple of 6?
Fal